{"id":845,"date":"2023-07-13T18:45:19","date_gmt":"2023-07-13T16:45:19","guid":{"rendered":"https:\/\/trilzone.com\/?page_id=845"},"modified":"2023-09-02T15:38:01","modified_gmt":"2023-09-02T13:38:01","slug":"bootsplatze","status":"publish","type":"page","link":"https:\/\/scap-test.ch\/?page_id=845","title":{"rendered":"Bootspl\u00e4tze"},"content":{"rendered":"\t\t<div data-elementor-type=\"wp-page\" data-elementor-id=\"845\" class=\"elementor elementor-845\" data-elementor-post-type=\"page\">\n\t\t\t\t\t\t<section class=\"elementor-section elementor-top-section elementor-element elementor-element-05da1f5 elementor-section-boxed elementor-section-height-default elementor-section-height-default\" data-id=\"05da1f5\" data-element_type=\"section\" data-e-type=\"section\">\n\t\t\t\t\t\t<div class=\"elementor-container elementor-column-gap-default\">\n\t\t\t\t\t<div class=\"elementor-column elementor-col-50 elementor-top-column elementor-element elementor-element-63d9085\" data-id=\"63d9085\" data-element_type=\"column\" data-e-type=\"column\">\n\t\t\t<div class=\"elementor-widget-wrap elementor-element-populated\">\n\t\t\t\t\t\t<div class=\"elementor-element elementor-element-867e29c elementor-widget elementor-widget-heading\" data-id=\"867e29c\" data-element_type=\"widget\" data-e-type=\"widget\" data-widget_type=\"heading.default\">\n\t\t\t\t<div class=\"elementor-widget-container\">\n\t\t\t\t\t<h2 class=\"elementor-heading-title elementor-size-default\">Bootspl\u00e4tze und Slipanlagen<\/h2>\t\t\t\t<\/div>\n\t\t\t\t<\/div>\n\t\t\t\t<div class=\"elementor-element elementor-element-1de701f elementor-widget elementor-widget-text-editor\" data-id=\"1de701f\" data-element_type=\"widget\" data-e-type=\"widget\" data-widget_type=\"text-editor.default\">\n\t\t\t\t<div class=\"elementor-widget-container\">\n\t\t\t\t\t\t\t\t\t<div class=\"ce_text block\"><p>Platz f\u00fcr dein Boot, Spass f\u00fcr deine Seele! <br \/>Der Segelclub am Pf\u00e4ffikersee unterh\u00e4lt 34 Wasserpl\u00e4tze und 15 Trockenpl\u00e4tze. Zuteilung und Nutzung sind im\u00a0<a href=\"https:\/\/scap-test.ch\/files\/verein\/nutzungsreglementbootsplaetze-v2016-02-07.pdf\">Bootsplatz-Reglement<\/a>\u00a0geregelt.<br \/>Als Mitglied hast du die M\u00f6glichkeit, einen unserer Trocken- oder Wasserpl\u00e4tze zur Miete zu nutzen. Ob du deinem Boot eine sichere Unterkunft an Land oder einen festen Ankerplatz im Wasser g\u00f6nnen m\u00f6chtest, wir haben die passende L\u00f6sung f\u00fcr dich.<\/p><\/div>\t\t\t\t\t\t\t\t<\/div>\n\t\t\t\t<\/div>\n\t\t\t\t<div class=\"elementor-element elementor-element-7ccd509 elementor-widget elementor-widget-heading\" data-id=\"7ccd509\" data-element_type=\"widget\" data-e-type=\"widget\" data-widget_type=\"heading.default\">\n\t\t\t\t<div class=\"elementor-widget-container\">\n\t\t\t\t\t<h2 class=\"elementor-heading-title elementor-size-default\">Trockenpl\u00e4tze<\/h2>\t\t\t\t<\/div>\n\t\t\t\t<\/div>\n\t\t\t\t<div class=\"elementor-element elementor-element-15038dd elementor-widget elementor-widget-text-editor\" data-id=\"15038dd\" data-element_type=\"widget\" data-e-type=\"widget\" data-widget_type=\"text-editor.default\">\n\t\t\t\t<div class=\"elementor-widget-container\">\n\t\t\t\t\t\t\t\t\t<p>Kein Boot sollte dauerhaft an Land verweilen, aber wenn es mal sein muss, sind unsere Trockenpl\u00e4tze die perfekte Wahl.<\/p>\t\t\t\t\t\t\t\t<\/div>\n\t\t\t\t<\/div>\n\t\t\t\t<div class=\"elementor-element elementor-element-9c4ac99 elementor-widget elementor-widget-heading\" data-id=\"9c4ac99\" data-element_type=\"widget\" data-e-type=\"widget\" data-widget_type=\"heading.default\">\n\t\t\t\t<div class=\"elementor-widget-container\">\n\t\t\t\t\t<h2 class=\"elementor-heading-title elementor-size-default\">Wasserpl\u00e4tze<\/h2>\t\t\t\t<\/div>\n\t\t\t\t<\/div>\n\t\t\t\t<div class=\"elementor-element elementor-element-15af319 elementor-widget elementor-widget-text-editor\" data-id=\"15af319\" data-element_type=\"widget\" data-e-type=\"widget\" data-widget_type=\"text-editor.default\">\n\t\t\t\t<div class=\"elementor-widget-container\">\n\t\t\t\t\t\t\t\t\t<p>Segeln ist mehr als ein Hobby, es ist eine Leidenschaft. Unsere Wasserpl\u00e4tze bieten direkten Zugang zum See f\u00fcr diejenigen, die es kaum erwarten k\u00f6nnen, die Segel zu setzen.<\/p>\t\t\t\t\t\t\t\t<\/div>\n\t\t\t\t<\/div>\n\t\t\t\t<div class=\"elementor-element elementor-element-6d5447b elementor-widget elementor-widget-heading\" data-id=\"6d5447b\" data-element_type=\"widget\" data-e-type=\"widget\" data-widget_type=\"heading.default\">\n\t\t\t\t<div class=\"elementor-widget-container\">\n\t\t\t\t\t<h2 class=\"elementor-heading-title elementor-size-default\">Slipanlage<\/h2>\t\t\t\t<\/div>\n\t\t\t\t<\/div>\n\t\t\t\t<div class=\"elementor-element elementor-element-076b0e4 elementor-widget elementor-widget-text-editor\" data-id=\"076b0e4\" data-element_type=\"widget\" data-e-type=\"widget\" data-widget_type=\"text-editor.default\">\n\t\t\t\t<div class=\"elementor-widget-container\">\n\t\t\t\t\t\t\t\t\t<p>Die \u00f6ffentliche Slipanlage bietet einen unkomplizierten Zugang zum Wasser und wird von unserem Club in Koordination mit der Gemeinde Wetzikon unterhalten.<\/p>\t\t\t\t\t\t\t\t<\/div>\n\t\t\t\t<\/div>\n\t\t\t\t<div class=\"elementor-element elementor-element-b605ef4 elementor-widget elementor-widget-heading\" data-id=\"b605ef4\" data-element_type=\"widget\" data-e-type=\"widget\" data-widget_type=\"heading.default\">\n\t\t\t\t<div class=\"elementor-widget-container\">\n\t\t\t\t\t<h2 class=\"elementor-heading-title elementor-size-default\">Mieten eines Bootsplatzes<\/h2>\t\t\t\t<\/div>\n\t\t\t\t<\/div>\n\t\t\t\t<div class=\"elementor-element elementor-element-001b04d elementor-widget elementor-widget-text-editor\" data-id=\"001b04d\" data-element_type=\"widget\" data-e-type=\"widget\" data-widget_type=\"text-editor.default\">\n\t\t\t\t<div class=\"elementor-widget-container\">\n\t\t\t\t\t\t\t\t\t<p>Interesse geweckt? Unsere Bootspl\u00e4tze sind exklusiv f\u00fcr Clubmitglieder reserviert. Um einen dieser begehrten Pl\u00e4tze zu ergattern, ist der erste Schritt, Mitglied in unserem Segelclub zu werden. Um auf die Warteliste f\u00fcr einen Bootsplatz zu kommen, musst du dich zu einer Mitgliedschaft bekennen.<\/p><p>Neuanmeldungen f\u00fcr das folgende Jahr sollten bis sp\u00e4testens zum 31. Januar eingehen. Falls du auf die Warteliste f\u00fcr einen Bootsplatz kommen m\u00f6chtest, schicke bitte eine E-Mail an <a href=\"mailto:vorstand@scap.ch\">vorstand@scap.ch<\/a>. Also, worauf wartest du noch? Werde Teil unserer segelbegeisterten\u00a0Gemeinschaft!<\/p>\t\t\t\t\t\t\t\t<\/div>\n\t\t\t\t<\/div>\n\t\t\t\t\t<\/div>\n\t\t<\/div>\n\t\t\t\t<div class=\"elementor-column elementor-col-50 elementor-top-column elementor-element elementor-element-acfb646\" data-id=\"acfb646\" data-element_type=\"column\" data-e-type=\"column\">\n\t\t\t<div class=\"elementor-widget-wrap elementor-element-populated\">\n\t\t\t\t\t\t<div class=\"elementor-element elementor-element-82cc4c6 elementor-widget elementor-widget-image\" data-id=\"82cc4c6\" data-element_type=\"widget\" data-e-type=\"widget\" data-widget_type=\"image.default\">\n\t\t\t\t<div class=\"elementor-widget-container\">\n\t\t\t\t\t\t\t\t\t\t\t\t\t\t\t<img fetchpriority=\"high\" decoding=\"async\" width=\"400\" height=\"300\" src=\"https:\/\/scap-test.ch\/wp-content\/uploads\/2023\/07\/scap_impression_07-923b926a.jpg\" class=\"attachment-large size-large wp-image-847\" alt=\"\" srcset=\"https:\/\/scap-test.ch\/wp-content\/uploads\/2023\/07\/scap_impression_07-923b926a.jpg 400w, https:\/\/scap-test.ch\/wp-content\/uploads\/2023\/07\/scap_impression_07-923b926a-300x225.jpg 300w\" sizes=\"(max-width: 400px) 100vw, 400px\" \/>\t\t\t\t\t\t\t\t\t\t\t\t\t\t\t<\/div>\n\t\t\t\t<\/div>\n\t\t\t\t\t<\/div>\n\t\t<\/div>\n\t\t\t\t\t<\/div>\n\t\t<\/section>\n\t\t\t\t<\/div>\n\t\t","protected":false},"excerpt":{"rendered":"<p>Bootspl\u00e4tze und Slipanlagen Platz f\u00fcr dein Boot, Spass f\u00fcr deine Seele! Der Segelclub am Pf\u00e4ffikersee unterh\u00e4lt 34 Wasserpl\u00e4tze und 15 Trockenpl\u00e4tze. Zuteilung und Nutzung sind im\u00a0Bootsplatz-Reglement\u00a0geregelt. Als Mitglied hast du die M\u00f6glichkeit, einen unserer Trocken- oder Wasserpl\u00e4tze zur Miete zu nutzen. Ob du deinem Boot eine sichere Unterkunft an Land oder einen festen Ankerplatz im [&hellip;]<\/p>\n","protected":false},"author":1,"featured_media":0,"parent":0,"menu_order":0,"comment_status":"closed","ping_status":"closed","template":"template-full-width.php","meta":{"footnotes":""},"class_list":["post-845","page","type-page","status-publish","hentry"],"_links":{"self":[{"href":"https:\/\/scap-test.ch\/index.php?rest_route=\/wp\/v2\/pages\/845","targetHints":{"allow":["GET"]}}],"collection":[{"href":"https:\/\/scap-test.ch\/index.php?rest_route=\/wp\/v2\/pages"}],"about":[{"href":"https:\/\/scap-test.ch\/index.php?rest_route=\/wp\/v2\/types\/page"}],"author":[{"embeddable":true,"href":"https:\/\/scap-test.ch\/index.php?rest_route=\/wp\/v2\/users\/1"}],"replies":[{"embeddable":true,"href":"https:\/\/scap-test.ch\/index.php?rest_route=%2Fwp%2Fv2%2Fcomments&post=845"}],"version-history":[{"count":11,"href":"https:\/\/scap-test.ch\/index.php?rest_route=\/wp\/v2\/pages\/845\/revisions"}],"predecessor-version":[{"id":1353,"href":"https:\/\/scap-test.ch\/index.php?rest_route=\/wp\/v2\/pages\/845\/revisions\/1353"}],"wp:attachment":[{"href":"https:\/\/scap-test.ch\/index.php?rest_route=%2Fwp%2Fv2%2Fmedia&parent=845"}],"curies":[{"name":"wp","href":"https:\/\/api.w.org\/{rel}","templated":true}]}}